ond derivative of -7*g**3/3 + g**2/2 - g. Calculate j(w).
15
Let w(r) = -r**3 - 3*r**2 - 2*r - 2. Let b be (-60)/(-150) + 24/15. Let d(s) = -s**3 - 5*s**2 - 2*s - 1. Let l(t) = b*d(t) - 3*w(t). Calculate l(0).
4
Let c(h) be the third derivative of -7*h**4/8 - 121*h**3/6 + 3*h**2 + 2*h - 9. What is c(-5)?
-16
Let r(u) = -2*u**2 - 7*u - 4. Suppose 4*y - 5*b = -5, y + 0*b - 5*b - 10 = 0. Let q = y - -10. Let o be (-4 + q - 3)*2. Determine r(o).
-8
Let p(b) = 159*b**2 - 6*b - 323*b**2 + 4*b + 166*b**2 + 2*b + b**3 + 3. Let h be (-1)/((-6)/9 + 1). Give p(h).
-6
Let m(v) = -13*v**2 - 18*v - 13*v**2 + 2 + 31*v**2 + 5 - 9. What is m(4)?
6
Let t(k) = 17*k + 106. Let d(m) = 38*m + 207. Let w(b) = -3*d(b) + 7*t(b). Give w(-24).
1
Let j(a) be the first derivative of -8*a**2 + 20*a - 136. Calculate j(1).
4
Let r(m) = m**2 + m - 14. Let y(t) = 6*t**2 + 419 - 433 - t - 5*t**2. Let w(f) = 3*r(f) - 4*y(f). Determine w(9).
-4
Let i(y) = -y**2 - 9*y - 1. Let o = 5 + -3. Suppose 2*h = o*c - 62, 3*h - 117 = -4*c + c. Suppose 6*w = w - c. Determine i(w).
13
Suppose 3870*d = 2531*d - 4017. Let f(z) = -2*z**2 - 5*z + 3*z**2 - 2 - 3*z**2. Calculate f(d).
-5
Suppose -47 + 32 = 2*s - n, 4*s + 3*n + 15 = 0. Let v(i) = 3*i**2 + 18*i - 14. Determine v(s).
-14
Let g be ((-1845)/(-35) - (-4)/14)*-1. Let x = g - -60. Let l(d) = d**3 - 8*d**2 + 9*d + 1. Determine l(x).
15
Let f(a) = -4*a - 8. Let s(u) be the first derivative of u**2 + 5*u + 16. Let i(c) = -2*f(c) - 5*s(c). Give i(-6).
3
Let l = 32 + -34. Let y(i) = -i**3 - 3. Let d(g) = g**2 - g. Let k(v) = l*d(v) + y(v). Give k(-3).
0
Let a(o) = o**3 + 5*o**2 + 5. Let v = 227 + -220. Let s be v/(-2) + 4/(-8) - 1. Determine a(s).
5
Suppose 30*g = 26*g + 20. Suppose 3*r - 5*r = g*r. Let a be (9/15)/((-1)/(-5) - r). Let t(i) = -i**3 + 4*i**2 - 2*i - 4. What is t(a)?
-1
Let j(o) be the third derivative of 0*o + 0 - 31*o**2 + 0*o**3 + 1/360*o**6 + 5/4*o**4 + 1/24*o**5. Let v(d) be the second derivative of j(d). Give v(8).
21
Let b(k) = -6*k**2 - 48*k - 70. Let p be b(-5). Let x(j) = 3*j - 67. Determine x(p).
-7
Let d(o) = -37*o + 79*o - 28 + 10 - 41*o. Let y be d(13). Let x(w) = w**3 + 5*w**2 - w - 3. Determine x(y).
2
Let q = 9628 - 9622. Let j(u) = 14*u - 19. Determine j(q).
65
Let u(q) = q**3 + q**2 + q. Let g(a) = -2*a**3 - 8*a**2 + 7*a - 2. Let h(w) = -w - 2. Let r be h(-1). Let x(n) = r*u(n) - g(n). Let y = 32 - 40. Calculate x(y).
2
Let o(w) = -2*w + 8. Let m(q) = q - 7. Let y(p) = 3*m(p) + 2*o(p). Let z be 5/((-10)/(-8))*270/(-72). Determine y(z).
10
Let h(d) = d**3 + 7*d**2 + 5*d - 1. Let j(a) = -198*a - 1. Let n be j(1). Let z = n - -193. What is h(z)?
5
Let q(k) = 11*k**2 - 13 - 5*k**3 + 5*k**3 + 14 + 8*k + k**3 + 2. Give q(-10).
23
Let n(m) = -m**3 + m**2 - 5. Let x(i) = 11*i**3 - 13*i**2 - 15*i + 50. Let c(h) = 9*n(h) + x(h). Give c(4).
9
Let n(v) = -v**2 - 2*v + 4. Let f be n(0). Let w(j) = -1. Let r(h) = h + 11. Let i(q) = f*w(q) + r(q). What is i(-8)?
-1
Let d(h) = -7*h**2 + 2*h - 8. Let c(q) be the first derivative of 5*q**3 - 3*q**2/2 + 17*q + 88. Let s(v) = 6*c(v) + 13*d(v). Calculate s(7).
5
Let j(v) = -2*v**3 + v**2 - 2*v. Let x(m) = 11*m**3 - 9*m**2 + 3*m + 5. Let w(q) = 5*j(q) + x(q). Calculate w(5).
-5
Suppose -8 - 12 = -4*t, -2*s = t + 89. Let l = -43 - s. Suppose -4*k = 2*u + 28, 0 = k + l*k - 4*u + 22. Let v(p) = -p**3 - 6*p**2 - p - 4. What is v(k)?
2
Let c = -5529 + 5523. Let w(b) = 2*b**2 - 2*b - 7. What is w(c)?
77
Let l(v) = -10*v**3 - 6*v**2 + 5 + 155*v + 9*v**3 - 146*v. Determine l(-7).
-9
Let w(i) = -i + 2. Let y(l) be the third derivative of -l**5/60 - 11*l**4/8 + 77*l**3/3 + 36*l**2. Let o be y(-37). Determine w(o).
-4
Let a(d) = 3*d**3 + 25*d**2 + 26*d + 87. Let b(c) = 2*c**3 + 12*c**2 + 13*c + 43. Let o(l) = -3*a(l) + 5*b(l). Calculate o(16).
2
Let v(x) = x**2 + 744*x - 31. Let q(b) = -b**2 - 691*b + 30. Let u(i) = -14*q(i) - 13*v(i). Give u(5).
18
Suppose -i + 9 = 2*i. Let q(p) = -6*p + 13*p + 2*p - i*p. Let g(d) = -d**3 + 3*d**2 - d + 4. Let t be g(3). What is q(t)?
6
Let v(n) be the second derivative of n**4/2 - n**3/3 + n**2 - 22*n - 24. Determine v(3).
50
Let u(d) = -2285 - 6*d - 2288 + 4607. Determine u(3).
16
Suppose 326 = 9*j + 74. Suppose -10*x + 3*x = -j. Let s(n) = -n**3 + 3*n - 3*n - x*n**2 - 4*n - 5 + 2. Determine s(-2).
-3
Let u = 3296 - 3329. Let d(s) = -s**2 - 37*s - 122. What is d(u)?
10
Let a(b) be the third derivative of 1/4*b**4 + 3*b**2 + 0*b - 1/60*b**5 - 13 - 5/6*b**3. Give a(5).
0
Let u(v) = v**2 - v - 1. Suppose 6 = -4*z - 2*k, -8 = 3*z + 2*k - 1. Let b be 13/(169/52) + (z - 3). Determine u(b).
1
Let z(h) = -h**3 + h**2. Let t(r) = 5*r**3 - 4*r**2 + 12. Let l(a) = -t(a) - 4*z(a). Let n be ((-152)/(-8) + -18)*0. Calculate l(n).
-12
Let l(r) = 11*r**3 - 4*r + 3*r - 1 + 0 + r**2 + 2. Let a be l(1). Let i be (a - 2)*1/(-2). Let m(z) = -z - 11. Calculate m(i).
-6
Suppose 4*y + 0*y = 4*n + 48, y + n = 4. Let z(w) = y*w**2 + 20*w**3 - 8*w**3 - 11*w**3 + 5. Give z(-8).
5
Let f(p) be the second derivative of 1/2*p**2 - 1/2*p**3 - 1/6*p**4 - 3*p - 10. Determine f(-3).
-8
Let v(w) = -4*w + 202 + w**3 - 182 - 7*w**2 - 5*w**2 + 3*w. Calculate v(12).
8
Let d(k) be the second derivative of k**5/20 + k**4/4 + k**3/2 + k**2/2 + 91*k. Let j(i) = 2*i**2 + i. Let r(f) = d(f) - 2*j(f). Give r(0).
1
Let f(w) = -5*w**2 + 26*w + 3. Let s(q) = 21*q**2 - 117*q - 14. Let m(p) = 9*f(p) + 2*s(p). Suppose 3*l - 7*l = -4. What is m(l)?
-4
Suppose -s + 5*x - 14 = 0, -4*x = 5*s - 0 - 17. Let p(l) = -l - 1 - 2 - s. Let u(t) = -3*t + 50. Let m be u(18). What is p(m)?
0
Suppose -83*w = -86*w - 27. Let p be (w + 312/32)/((-1)/(-8)). Let l(i) = i**2 - 5*i - 5. What is l(p)?
1
Let u(m) be the third derivative of -16*m**5/15 + m**4/24 - m**3/6 - m**2 - 363. Give u(1).
-64
Let p(d) = 13*d + 56. Let h(a) be the second derivative of 4*a**3/3 + 37*a**2/2 - 31*a + 1. Let w(x) = -8*h(x) + 5*p(x). Give w(7).
-9
Let r(v) = v**3 - 6*v**2 - 18*v + 18. Suppose 405*c - 197*c = 205*c + 24. Give r(c).
2
Suppose 35*a - 2 = 34*a. Suppose -3*l = 4*t - a, 3*t = l - 0*l - 5. Let m(n) = n + 191*n**3 - 3 - 5*n**2 - 3*n - 192*n**3 - n**l. What is m(-6)?
9
Let y(x) be the third derivative of x**4/12 - x**3/2 - x**2. Let b = 7685 + -7682. Give y(b).
3
Suppose 0 = 114*h - 82*h + 32. Let g(o) = o**3 + 2*o**2 - 3*o - 3. Give g(h).
1
Let h(s) be the second derivative of -s**3/6 + s**2/2 - 225*s. Let r(u) = 8*u - 3. Let q(m) = 4*h(m) + r(m). Determine q(-3).
-11
Let f(m) = 2*m**2 - 14*m + 116. Let c(k) = k**2 - 15*k + 115. Let j(d) = -3*c(d) + 2*f(d). Give j(5).
-3
Let u(m) = -m**3 + 4*m**2 - 4*m. Let c(t) = t**2 - 10*t - 73. Let j be c(-5). Determine u(j).
0
Suppose -16*f - 22*f = 15*f + 106. Let c(h) be the first derivative of -5*h**2/2 - 5*h + 2. Determine c(f).
5
Let q(x) = -x - 1. Let f be q(7). Let v = 422 - 420. Let d(k) = -32*k**2 + 21*k**2 + 3*k**2 + k**3 + 10 + 17*k**v + 7*k. Determine d(f).
18
Let y(a) = 18*a + 7. Let u(w) = -9*w**2 + 58*w - 82. Let k be u(4). What is y(k)?
115
Let o = 152 + -148. Suppose -5*j - 6 = 5*x - 1, o*x + 5*j + 1 = 0. Let b(y) = y**2 + 7*y + 7. What is b(x)?
-5
Suppose 0 = 5*v - 5*j - 58 + 23, -2*j - 29 = -3*v. Let h(c) be the third derivative of 1/24*c**4 - 5/6*c**3 + 0 + 0*c + v*c**2. Calculate h(11).
6
Let b(d) = 16*d + 248 + 19*d - 27*d + 23*d + 4*d. What is b(-7)?
3
Let r(t) = t**3 - 14*t**2 - 9*t - 9. Let c be 720/48 + 0/(-5). What is r(c)?
81
Let n(r) = 5 + 2*r - 2 + r. Let f = -336341 + 336338. Give n(f).
-6
Let t(a) = -a**3 - 14*a**2 - 5*a - 3. Let b = -5710 + 5696. What is t(b)?
67
Let b(j) = -j**3 + 10*j**2 - 7*j - 1. Suppose -4*a = g + 13 + 3, 4*g + 3*a = -116. Let q = 41 + g. Determine b(q).
17
Let t(x) be the first derivative of 1/3*x**3 - 6*x**2 + 22 - 6*x. Calculate t(13).
7
Let n be 3/(-2)*(-1338)/(-9). Let k = 219 + n. Let l(h) be the first derivative of h**4/4 + 4*h**3/3 + h**2 + 4*h - 1. Calculate l(k).
-4
Let j be 4*(675/180 + -4 + -1)*1. Let q(v) = -v**3 - 4*v**2 + 4*v - 9. Calculate q(j).
-4
Let n(c) = 18*c**3 + c**2. Let o(i) = -2*i**2 - 891 + 890 - 2*i + 0*i**2. Let g be ((-14)/42)/(2/6). Let h be o(g). Determine n(h).
-17
Suppose -48*q - 69 + 1365 = 0. Let l(k) = -k**2 + 24*k + 85. Give l(q).
4
Let t be -13 + -3 - 4*12/(-4). Let k(m) = -5*m - 3. Let i(v) = 9*v + 5. Let